, 401, 90397
What are the prime factors of 9745134?
2, 3, 7, 37, 6271
List the prime factors of 1221166251.
3, 2551, 53189
What are the prime factors of 7663439108?
2, 13, 1559, 94531
What are the prime factors of 21343933?
13, 1641841
What are the prime factors of 547387197?
3, 7, 239, 109063
List the prime factors of 239553984.
2, 3, 37, 33721
What are the prime factors of 4777653530?
2, 5, 13, 311, 118171
What are the prime factors of 45631151?
45631151
List the prime factors of 46094126.
2, 13, 1772851
What are the prime factors of 112039308?
2, 3, 1037401
What are the prime factors of 105653001?
3, 35217667
List the prime factors of 445047520.
2, 5, 421, 6607
What are the prime factors of 3816716596?
2, 7, 11, 12391937
List the prime factors of 110194129.
19, 5799691
What are the prime factors of 1175501599?
523, 823, 2731
What are the prime factors of 252936995?
5, 37, 41, 33347
What are the prime factors of 479634567?
3, 29, 569, 9689
List the prime factors of 426712524.
2, 3, 7, 5079911
What are the prime factors of 235718941?
2473, 95317
What are the prime factors of 796531690?
2, 5, 29, 2746661
What are the prime factors of 160460581?
23, 6976547
List the prime factors of 9817806.
2, 3, 17, 101, 953
List the prime factors of 330162703.
13, 1153, 22027
List the prime factors of 139040675.
5, 5561627
List the prime factors of 882817643.
882817643
List the prime factors of 221969346.
2, 3, 36994891
List the prime factors of 193351945.
5, 38670389
What are the prime factors of 1009805800?
2, 5, 23, 219523
What are the prime factors of 1162350002?
2, 11, 1931, 27361
List the prime factors of 666476290.
2, 5, 23, 71, 40813
What are the prime factors of 1018054053?
3, 113117117
What are the prime factors of 922914504?
2, 3, 43, 298099
List the prime factors of 848897036.
2, 13, 16324943
List the prime factors of 54991759.
54991759
List the prime factors of 89138288.
2, 5571143
List the prime factors of 55741451.
29, 1922119
List the prime factors of 341689773.
3, 79, 1441729
What are the prime factors of 255492559?
7, 2459, 14843
List the prime factors of 5497827228.
2, 3, 152717423
List the prime factors of 63049713.
3, 4363, 4817
What are the prime factors of 70223516?
2, 11, 53, 30113
List the prime factors of 374847594.
2, 3, 11, 516319
List the prime factors of 639749933.
17, 37632349
List the prime factors of 1295570472.
2, 3, 7, 2777
List the prime factors of 37089683.
37089683
What are the prime factors of 152026990?
2, 5, 29, 524231
What are the prime factors of 1070854504?
2, 3863, 34651
What are the prime factors of 466312114?
2, 233156057
List the prime factors of 49423246.
2, 97, 373, 683
What are the prime factors of 427856772?
2, 3, 7, 487, 10459
List the prime factors of 5062785.
3, 5, 7, 13, 3709
What are the prime factors of 34384194?
2, 3, 13, 146941
List the prime factors of 647953951.
647953951
List the prime factors of 145575213.
3, 7, 73, 94961
List the prime factors of 5015824815.
3, 5, 334388321
What are the prime factors of 579407733?
3, 29, 2219953
What are the prime factors of 50843687?
67, 227, 3343
List the prime factors of 3047627559.
3, 1015875853
What are the prime factors of 912944416?
2, 283, 100811
List the prime factors of 415808883.
3, 7, 479, 1531
What are the prime factors of 886791703?
7, 23, 5508023
What are the prime factors of 1351787043?
3, 227, 1985003
List the prime factors of 170098605.
3, 5, 71, 53239
List the prime factors of 127723750.
2, 5, 7, 11, 1327
List the prime factors of 22320890.
2, 5, 113, 19753
What are the prime factors of 482676347?
61, 449, 17623
List the prime factors of 217301374.
2, 108650687
What are the prime factors of 2758490702?
2, 11, 709, 176849
What are the prime factors of 106576534?
2, 53, 1005439
List the prime factors of 30571193.
30571193
What are the prime factors of 97216061?
97216061
What are the prime factors of 1877405342?
2, 173, 179, 30313
What are the prime factors of 356601780?
2, 3, 5, 167, 11863
What are the prime factors of 34007514?
2, 3, 17, 37, 9011
What are the prime factors of 4126781179?
277, 569, 26183
List the prime factors of 4521441630.
2, 3, 5, 150714721
List the prime factors of 405851687.
53, 7657579
What are the prime factors of 176404977?
3, 7, 2800079
List the prime factors of 54952748.
2, 1657, 8291
What are the prime factors of 15185988?
2, 3, 140611
What are the prime factors of 3802032435?
3, 5, 7753, 32693
List the prime factors of 21468388.
2, 373, 14389
List the prime factors of 119499774.
2, 3, 19916629
What are the prime factors of 33553788?
2, 3, 199, 14051
List the prime factors of 1427994441.
3, 17, 79, 13127
List the prime factors of 9107107.
9107107
List the prime factors of 141535897.
17, 1823, 4567
List the prime factors of 532644060.
2, 3, 5, 13, 52529
What are the prime factors of 57278217?
3, 19, 83, 12107
What are the prime factors of 56447912?
2, 7055989
List the prime factors of 832709084.
2, 757, 275003
List the prime factors of 25700426.
2, 19, 31, 21817
List the prime factors of 160363071.
3, 11, 179981
List the prime factors of 306788036.
2, 76697009
List the prime factors of 102475459.
37, 677, 4091
List the prime factors of 3853615.
5, 547, 1409
What are the prime factors of 2107787064?
2, 3, 109, 805729
What are the prime factors of 34981127?
797, 43891
List the prime factors of 4360887806.
2, 11, 53, 1559, 2399
List the prime factors of 2469778781.
2469778781
What are the prime factors of 104418207?
3, 103, 37547
What are the prime factors of 1001156620?
2, 5, 193, 433, 599
List the prime factors of 1200617318.
2, 1697, 353747
List the prime factors of 171969309.
3, 61, 313241
What are the prime factors of 173182003?
173182003
What are the prime factors of 1784273861?
1784273861
What are the prime factors of 1346138042?
2, 673069021
What are the prime factors of 131759660?
2, 5, 103, 167, 383
What are the prime factors of 165913955?
5, 33182791
List the prime factors of 135515.
5, 27103
List the prime factors of 6284263140.
2, 3, 5, 34912573
List the prime factors of 43886725.
5, 353, 4973
What are the prime factors of 184939104?
2, 3, 7, 275207
What are the prime factors of 25882969?
7, 83, 44549
What are the prime factors of 169097952?
2, 3, 1761437
What are the prime factors of 428796306?
2, 3, 59, 73, 5531
List the prime factors of 51812404.
2, 7, 264349
List the prime factors of 741531530.
2, 5, 74153153
List the prime factors of 136281872.
2, 8517617
List the prime factors of 2540526860.
2, 5, 19, 43, 181, 859
List the prime factors of 74757023.
11, 179, 37967
What are the prime factors of 142734975?
3, 5, 17, 111949
List the prime factors of 48376138.
2, 257, 94117
List the prime factors of 15400697.
13, 19, 62351
List the prime factors of 1426232461.
23, 62010107
List the prime factors of 271066958.
2, 19, 37, 73, 139
List the prime factors of 451293577.
7, 17, 47, 11527
List the prime factors of 916443823.
6469, 141667
List the prime factors of 280618839.
3, 2503, 12457
List the prime factors of 39216083.
313, 349, 359
What are the prime factors of 5885854287?
3, 1961951429
What are the prime factors of 158587472?
2, 9911717
What are the prime factors of 4613140572?
2, 3, 3259, 117959
What are the prime factors of 565098641?
565098641
What are the prime factors of 479067606?
2, 3, 701, 37967
List the prime factors of 1087526194.
2, 317, 1715341
What are the prime factors of 16664333?
7, 2380619
List the prime factors of 8570051.
7, 29, 37, 163
List the prime factors of 5042956.
2, 31, 67, 607
List the prime factors of 978672900.
2, 3, 5, 19, 171697
List the prime factors of 487293827.
661, 737207
What are the prime factors of 7570037?
19, 398423
List the prime factors of 37241231.
37241231
List the prime factors of 65132695.
5, 17, 29, 26423
List the prime factors of 632057637.
3, 17, 653, 18979
List the prime factors of 1390823571.
3, 223, 2078959
List the prime factors of 608901199.
43, 14160493
What are the prime factors of 2936267753?
463, 6341831
What are the prime factors of 2147702908?
2, 13, 41301979
List the prime factors of 33559346.
2, 23, 729551
List the prime factors of 456340306.
2, 228170153
List the prime factors of 82549211.
2357, 35023
List the prime factors of 75951121.
1